{"id":2,"date":"2018-06-11T15:44:49","date_gmt":"2018-06-11T15:44:49","guid":{"rendered":"http:\/\/chiando.kenoh.de\/?page_id=2"},"modified":"2018-06-19T19:21:52","modified_gmt":"2018-06-19T18:21:52","slug":"sample-page","status":"publish","type":"page","link":"http:\/\/www.chian-do.de\/index.php\/training\/sample-page\/","title":{"rendered":"Kindertraining"},"content":{"rendered":"<ul>\n<li><strong>Ma\u00dfvolles Verhalten in Situationen<\/strong><\/li>\n<li>Der richtige Stand<\/li>\n<li>Das richtige Fallen<\/li>\n<li>Befreiungstechniken<\/li>\n<li>Hebeltechniken<\/li>\n<li>W\u00fcrfe<\/li>\n<li>Abwehr von Tritten und Schl\u00e4gen<\/li>\n<li>Koordination des K\u00f6rpers<\/li>\n<li>Den eigenen K\u00f6rper sp\u00fcren und kontrollieren<\/li>\n<\/ul>\n","protected":false},"excerpt":{"rendered":"<p>Ma\u00dfvolles Verhalten in Situationen Der richtige Stand Das richtige Fallen Befreiungstechniken Hebeltechniken W\u00fcrfe Abwehr von Tritten und Schl\u00e4gen Koordination des K\u00f6rpers Den eigenen K\u00f6rper sp\u00fcren und kontrollieren<\/p>\n","protected":false},"author":1,"featured_media":0,"parent":3,"menu_order":0,"comment_status":"closed","ping_status":"open","template":"","meta":{"footnotes":""},"class_list":["post-2","page","type-page","status-publish","hentry"],"_links":{"self":[{"href":"http:\/\/www.chian-do.de\/index.php\/wp-json\/wp\/v2\/pages\/2","targetHints":{"allow":["GET"]}}],"collection":[{"href":"http:\/\/www.chian-do.de\/index.php\/wp-json\/wp\/v2\/pages"}],"about":[{"href":"http:\/\/www.chian-do.de\/index.php\/wp-json\/wp\/v2\/types\/page"}],"author":[{"embeddable":true,"href":"http:\/\/www.chian-do.de\/index.php\/wp-json\/wp\/v2\/users\/1"}],"replies":[{"embeddable":true,"href":"http:\/\/www.chian-do.de\/index.php\/wp-json\/wp\/v2\/comments?post=2"}],"version-history":[{"count":3,"href":"http:\/\/www.chian-do.de\/index.php\/wp-json\/wp\/v2\/pages\/2\/revisions"}],"predecessor-version":[{"id":93,"href":"http:\/\/www.chian-do.de\/index.php\/wp-json\/wp\/v2\/pages\/2\/revisions\/93"}],"up":[{"embeddable":true,"href":"http:\/\/www.chian-do.de\/index.php\/wp-json\/wp\/v2\/pages\/3"}],"wp:attachment":[{"href":"http:\/\/www.chian-do.de\/index.php\/wp-json\/wp\/v2\/media?parent=2"}],"curies":[{"name":"wp","href":"https:\/\/api.w.org\/{rel}","templated":true}]}}